et g(f) = 2*f - 6. Let i be g(7). Let y = i + t. What is the units digit of y?
2
Let h be 4/8 + 1/(-2). Suppose h = 2*x + 4*p - 56, -2*p = -2*x - 5*p + 51. Suppose 0 = -0*v - 3*v + x. What is the units digit of v?
6
Let l = 8 - 5. Let u = 2 - l. Let g = u - -2. What is the units digit of g?
1
Let m be (-6)/(-15) - 6/15. Let s(y) = y + 1. Let l be s(m). What is the units digit of 116/8 - l/(-2)?
5
Let s(t) = -t**2 + 2. Let n be s(-2). What is the units digit of 0 - 1 - (-1 + n)?
2
Let c = 1 - 1. Let p be 2 - -1*(c - 0). Suppose 9 - 31 = -p*z. What is the units digit of z?
1
Suppose -15 = 2*o + 5*w - 70, -o = 2*w - 28. Suppose -4*q + 3*q = -o. What is the units digit of q?
0
Let n be 20 - (0 + 2) - 2. Suppose -3*f - 12 = 0, -5*f - 40 = -3*k - 2*k. Suppose -y - r - k*r - 1 = 0, r = -2*y + n. What is the units digit of y?
9
Let f(s) = -34*s**2 - 12*s - 9. Let d(z) = -23*z**2 - 8*z - 6. Let q(t) = -7*d(t) + 5*f(t). Let n be q(-3). What is the units digit of (-2)/(-10) + n/(-15)?
5
Let t(y) = -y**2 + y + 3. Let k be t(0). Let z = 2 - k. Let d = z - -3. What is the units digit of d?
2
Let a(d) = d + 5. Let r be a(-5). Let q = r + 2. Suppose -40 = -5*n + j, -n = q*j + 5 - 2. What is the units digit of n?
7
Suppose -4*m = 4 - 76. Suppose p - 1 = 2, p - m = -5*c. Suppose t + 40 = 3*l, c*t = -l - 0*t + 10. What is the tens digit of l?
1
Let c(h) = -h**2 + 6*h + 2. Let k be c(5). Let r(g) = 3*g - 5. What is the units digit of r(k)?
6
Suppose 4*p + 18 = 5*p. What is the units digit of p?
8
Let r = 8 + -11. Let x = 6 + r. What is the units digit of x?
3
What is the units digit of (-806)/(-4) + 7/(112/(-24))?
0
Let j(l) = 10*l + 1. Suppose -4*m + 1 + 3 = 0. What is the units digit of j(m)?
1
Suppose -3*h - 2*h + 24 = z, 4*z + 3*h - 28 = 0. Let k = 7 - z. What is the units digit of -3*k/(-9)*13?
3
Let g(n) = n**3 - n**2 + n + 1. Let q be g(0). Let h(v) be the third derivative of 5*v**4/24 - 2*v**2. What is the units digit of h(q)?
5
Let x(n) = n**3 - 4*n**2 - 7*n + 3. What is the units digit of x(6)?
3
Suppose 7 = 5*f - 3. Suppose f*m - 3*m + 14 = 0. What is the tens digit of m?
1
Let w(m) = 5*m**3 - 2*m**2 + 2*m - 1. Let v be w(1). Let b = v - 8. What is the tens digit of (-14)/(-1)*(-3 - b)?
1
Let n(c) = -c - 6. Let p be n(-6). Let v be (-1)/3*p/1. What is the units digit of (6 + 3)*(1 - v)?
9
Let h = 650 + -428. What is the tens digit of h?
2
Let m = 1 + -2. Let a be m*(2/2 + 1). What is the units digit of 12/a*1/(-2)?
3
Let n = 132 + -5. What is the units digit of n?
7
Suppose -8 + 28 = 5*i, 3*i = 4*y - 204. What is the units digit of y?
4
Let a be 3 + -3 - (2 - 2). Suppose -4*g = -4*j + 120, -5 + a = g. Suppose 3*l + 2*l - j = 0. What is the units digit of l?
5
Suppose -5*i + 0*i = q - 60, -270 = -5*q + 5*i. What is the units digit of q?
5
Let t(i) be the second derivative of -i**3/6 + 14*i**2 - 3*i. Let j be t(0). Suppose -4*k = -2*s - j, k + 3 - 5 = -2*s. What is the units digit of k?
6
Let z = 0 + 2. What is the units digit of (-4)/z - (-1 - 9)?
8
Let i(k) = 12*k + 6. Let n(d) = d. Let c(u) = -i(u) + 9*n(u). What is the units digit of c(-9)?
1
Let o be (-30)/9 + (-4)/6. Let z = 7 + o. Let c = 10 - z. What is the units digit of c?
7
Suppose -2*b = 3*i - 101, b - 68 = i - 15. Suppose l = 2*t + 5*l - b, 27 = t + l. What is the tens digit of t?
2
Let f(j) = -3*j - 27. Let q be f(-12). Suppose -5*s + 3 = 3*u - 4, 4*u = -2*s. Suppose q - s = l. What is the units digit of l?
7
Suppose -12*c = 75 - 459. What is the tens digit of c?
3
Let o = 0 + 2. Suppose 4*s + 2*q - 196 = 0, -2*q + 86 = 2*s - 4*q. Suppose -o*j - 13 = -s. What is the tens digit of j?
1
Suppose 6*n - n + 2*y = 185, 0 = 4*n - 2*y - 130. What is the units digit of n?
5
Suppose -236 + 80 = -4*h. What is the tens digit of 1/(2 + (-77)/h)?
3
Suppose 7*m - 3*m - 5*a - 77 = 0, 5*m - 100 = 5*a. Suppose -3*r - x + 19 = -2*x, 4*r - m = -x. What is the units digit of r?
6
Suppose q = 3*d + 141, 2*q + 2*d + d = 291. What is the units digit of q?
4
Let a be 12/10 - 5/25. What is the tens digit of (-74)/(-6) + a/(-3)?
1
What is the units digit of (126/4)/(8/16)?
3
Let v(y) = 5*y + 20. What is the units digit of v(7)?
5
Suppose 0 = -2*f - 3*f - 45. What is the units digit of (0 - f)*4/12?
3
Let w = -39 - -56. Suppose w = 2*f - 25. What is the units digit of f?
1
Let w = -2 - -2. Let j be 0 - (w + 0 + -1). Let s(t) = t**2 + 2*t - 1. What is the units digit of s(j)?
2
Let m = -15 + 39. What is the units digit of m?
4
Suppose -2*l = -4*l + 26. Suppose 4*p - v - 21 = 0, -3*p + 2*v - 7*v - l = 0. What is the units digit of p?
4
Let n = 92 + -66. What is the units digit of n?
6
Let c(b) = -3*b. Let y(m) = -4*m**2 - 4*m + 5*m**2 - 2*m**2. Let w(q) = 4*c(q) - 3*y(q). What is the tens digit of w(2)?
1
Suppose 3*z = -2*z + 4*c + 49, 0 = -5*z + 5*c + 50. Suppose -2*v + 3*q + z = 4*q, 4*v = 4*q. What is the units digit of v?
3
Suppose 0 = 3*w + 6 - 48. What is the units digit of w?
4
Suppose 0 = 3*l - 1 - 8. Let b be -12*((-2)/3 + 0). Suppose -2*m + 4*t = b, l*m + 6 + 0 = 4*t. What is the units digit of m?
2
Suppose 4*q - 33 - 67 = 0. Suppose -5*v = -40 - q. What is the units digit of v?
3
Let l = 54 - 2. What is the tens digit of l?
5
Let p be (-1 + 0)*1 - -16. What is the tens digit of 24 - -1 - p/(-5)?
2
Let v(t) = t**2 + t - 2. Let f be 17/3 - 4/6. Suppose -2*y + f*b + 2 = -0, -10 = 4*y - 3*b. What is the tens digit of v(y)?
1
Suppose -2*z = 4*y - 18, -5*z + 2*z - 23 = -4*y. Suppose 2*f + 3*f = y. What is the units digit of f?
1
Let l be 1*-2 - -1*5. Let x(d) = 1 + 3 + 3*d - 3 - d**2 + 2. What is the units digit of x(l)?
3
Suppose -4 = -0*x - 2*x. Let o be (-3 + -18)*6/x. What is the tens digit of (-4)/(-10) - o/5?
1
Let x(c) = -c - 8. Let s = -14 + 4. What is the units digit of x(s)?
2
Suppose 4*d + 122 = 514. Suppose -62 = -4*w + d. What is the units digit of w?
0
Let k = 9 + -7. Suppose -2*b = k*b. Suppose -10 = -b*z - 2*z. What is the units digit of z?
5
Let f(y) = y**3 + 6*y**2 + y + 8. Let q be f(-6). Suppose -5*n - q = -6*n + w, n - 5*w - 6 = 0. Let z(r) = 10*r**2 + 2*r - 1. What is the units digit of z(n)?
1
Suppose -4*j - 2*x = -174, 11 = j + 4*x - 15. What is the units digit of j?
6
Let k(h) = -7*h + 8. Let w(n) = -15*n + 17. Let d(y) = -13*k(y) + 6*w(y). Suppose 2*c + 0*c = 12. What is the units digit of d(c)?
4
Let q(a) = -25*a - 6. What is the tens digit of q(-3)?
6
Let b = 63 - 23. What is the tens digit of b?
4
Let t(b) = -b - 3. Let g be t(-7). Let m(w) = 4*w - g*w**2 + 2 + w**3 - w**3 - w**3. What is the units digit of m(-5)?
7
Let d(y) = 6*y**3 - 6*y**2 - 6*y + 2. Let w(n) = 5*n**3 - 6*n**2 - 7*n + 1. Let i(o) = -4*d(o) + 5*w(o). What is the units digit of i(8)?
7
Let x(z) = -z**3 - 12*z**2 - 12*z - 5. Let b be (0 + -11)*(1 + 0). Let g be x(b). Let a = 10 - g. What is the units digit of a?
4
Suppose 0 = -4*n + 482 - 50. What is the hundreds digit of n?
1
Let j(t) = 6*t - 3*t - 1 - 2*t. What is the units digit of j(8)?
7
Let m(w) be the third derivative of w**5/60 - w**4/6 - w**3 - w**2. Let p be m(6). Suppose 5*y = p*y - 12. What is the tens digit of y?
1
Suppose -7*a = -10*a, -3*s + 4*a + 177 = 0. What is the tens digit of s?
5
Suppose 0 = -o + j + 5, -2*j - 21 + 6 = -3*o. What is the units digit of o + 2 - (-3)/1?
0
Suppose 0 = 2*u + 4*z, -2*u + 0*z = -5*z. Suppose -3*n + 4*n - 64 = -4*g, u = 2*g + 5*n - 50. Suppose c - 4*c + g = 0. What is the units digit of c?
5
Let y = 8 - 15. Let u = 32 + y. What is the units digit of u?
5
Suppose -5*k - 41 = -2*j - 2*k, 0 = 3*j - 2*k - 74. What is the tens digit of j?
2
Let a = -120 + 204. Suppose 0 = -5*g + 2*g + a. Suppose 4*v + 0*v = 2*x - g, -5*v - 44 = -4*x. What is the units digit of x?
6
Let r(d) = -3 - 2 - 3*d + 2*d. What is the units digit of r(-8)?
3
What is the hundreds digit of ((-820)/15)/((-7)/42)?
3
What is the units digit of 0 - (9/(-21) + (-3880)/28)?
9
Suppose 0*z = -3*z - 84. Let h = z + 43. What is the units digit of h?
5
Suppose 262 = t + t. What is the units digit of t?
1
Suppose -10*q + 3911 = 971. What is the tens digit of q?
9
Let k be 0/(-2) + (-15)/5. Let s(q) = 2*q**3 + 7*q**2 + q + 4. Let i(u) = -u**3 - u**2 + u. Let t(d) = k*i(d) - s(d). What is the units digit of t(5)?
1
Let j(q) = -q**3 + 5*q**2 - 4*q + 1. What is the un